3/6 - 4*i**2. Determine j(l).
5
Suppose 2*o + 9 = 5*o. Let d = -5 + o. Let v be ((-3)/9)/(d/18). Let r(f) = f**3 - 2*f**2 - 3*f + 2. What is r(v)?
2
Let g(q) = 3*q**2 + 2*q + 1. Let l(z) = -z**3 + 6*z**2 + 7*z - 1. Suppose -3*v + 6*v - 21 = 0. Let t be l(v). What is g(t)?
2
Suppose 0 = 4*q - 14 + 6. Suppose 2*t + q = -0. Let p(d) = 3*d**3 + d**2 + d + 1. Calculate p(t).
-2
Let b(m) = 11*m**2 + m + 1. Let k be ((-8)/16)/(2/4). Calculate b(k).
11
Let q(o) = o**2 + 5*o - 3. Let j be (0/4)/(-3) - 3. Calculate q(j).
-9
Let u(x) be the first derivative of -x**3/3 + 5*x**2/2 - 9*x - 19. Determine u(6).
-15
Suppose 0*l = -5*l + 35. Suppose l = 2*f + 3. Let m(n) = -4 + 2*n**3 - 7*n**2 + 2*n**f - n**3 - n**2 + 5*n. What is m(5)?
-4
Let d(g) = g**2 - 5*g + 5. Let w be 1/4 - (-361)/76. Suppose -n - 18 = -4*v + 3, 5 = -w*v - 5*n. Calculate d(v).
1
Let z(y) = 6*y**2 - 29*y - 17. Let k(w) = -2*w**2 + 10*w + 6. Let x(r) = 17*k(r) + 6*z(r). Give x(3).
6
Let i(y) = -2*y + 6. Let o be 285/(-55) + (-4)/(-22). Give i(o).
16
Suppose -p + 2 = -3. Suppose -2*o + 72 = -3*s, -2*s - 189 = -5*o + s. Let m(l) = -2 - l**3 + l + 4*l + o*l**2 - 35*l**2. Give m(p).
-2
Let r(m) = 5*m**3 - 2*m - 5. Let n(j) = 7*j**3 - 3*j - 8. Let w(i) = -5*n(i) + 8*r(i). Suppose 10 - 1 = -s + 5*g, 0 = 3*s - 3*g + 3. Determine w(s).
4
Let g(q) = q - 2. Suppose 3*d + 0*d = 5*j - 38, d + 1 = 0. Calculate g(j).
5
Let w(l) = l**2 - l - 4. Let n be (0 + (-2)/2)*3. Determine w(n).
8
Let a(h) = -h - 1. Let g be a(-4). Suppose -3*l + g = -3. Suppose -5*t + l = -3. Let k(i) = -i**3 - i**2 + 2*i - 1. What is k(t)?
-1
Let n(b) = 3*b - 4*b + 0*b + 2 + 0*b. Let a be n(0). Let g be a/(((-6)/(-5))/3). Let s(f) = -f**2 + 5*f + 5. Determine s(g).
5
Let s(w) be the second derivative of -w**5/60 - w**4/24 - w**2 - 4*w. Let n(r) be the first derivative of s(r). Determine n(2).
-6
Let x(b) = 3 - 4 - 8*b**2 + 14 - b**3 + 10*b. Determine x(-9).
4
Let y(c) = -c + 1. Suppose -10*p - 9 = -p. What is y(p)?
2
Suppose -1 = -j + 3. Let d(m) = -1 + 11 + j*m - 4 - m**2 - 2. Determine d(6).
-8
Let d(q) = -q - 8. Let j be d(-11). Let a(c) = c**3 - 3*c**2 + 3*c. What is a(j)?
9
Let y(j) be the second derivative of -j**3/6 - j**2/2 - 4*j. Determine y(-6).
5
Let u = -6 - -2. Let k(g) = 3*g - 2 + 3 - 4 + g**2. What is k(u)?
1
Suppose 24*l = -6*l - 150. Let q(c) = -7*c**3 - 7*c**2 - 8*c + 5. Let w(b) = 4*b**3 + 3*b**2 + 4*b - 2. Let k(g) = 3*q(g) + 5*w(g). Calculate k(l).
0
Let q(l) be the second derivative of -7*l**4/12 + 13*l**3/6 + 5*l**2 + 2*l. Let s(j) = -15*j**2 + 27*j + 21. Let u(c) = -13*q(c) + 6*s(c). Calculate u(7).
-4
Let b(q) be the second derivative of -q**6/36 - q**3/2 + q. Let v(n) be the second derivative of b(n). Calculate v(-1).
-10
Let q(o) = 3*o + 3. Let h(a) = a**3 - 3*a**2 - a + 1. Let y be h(3). Give q(y).
-3
Let o(q) = -q + 1. Let g(a) = -3*a + 4. Let v(z) = 6*g(z) - 22*o(z). Let d = -13 + 15. Calculate v(d).
10
Let m(d) = -d**3 + 3*d**2 + 4*d + 5. Suppose 3*k - 40 = 4*a - 12, 2*a = -5*k + 12. Give m(k).
5
Suppose 0*m - 5*m = -5*k - 45, -3 = 2*m + 5*k. Let r(c) = c**3 - 7*c**2 + 4*c + 1. Determine r(m).
-11
Let c(r) = -r**2 + r**3 + 5*r - 5 - 4*r**2 + 0*r**3. Let k = -1 + 5. What is c(k)?
-1
Let d(l) = -l + 1. Let i = 0 + 2. Let t be (-25)/20*(-8)/i. Suppose -7 = 4*r - r + 2*b, t*r + 2*b + 17 = 0. Determine d(r).
6
Let h be ((-15)/10)/((-3)/4). Let q(x) = -h*x - x**2 + 2*x - 5*x. Determine q(-3).
6
Let v = 12 - 7. Let g be ((-16)/(-24))/(2/6). Let f(h) = -1 - g*h + h + 0. Give f(v).
-6
Let y = 28 - 12. Suppose -3*l - 4 + y = 0. Let r(k) = k + 0*k - 1 - l. Determine r(-5).
-10
Let d(v) = 4*v - 6. Suppose -8*o + 30 + 34 = 0. Calculate d(o).
26
Let y(d) be the second derivative of -d**3/6 + 7*d**2/2 - 6*d. Let q be (-1)/(-2) - 1/2. What is y(q)?
7
Let p = -1 + 1. Let x(l) = p*l + 3*l + l**2 - 6*l. Suppose v - d = -0*d + 8, 4*d = -3*v - 11. What is x(v)?
0
Let l(t) = -2*t**2 + 4*t + 5. Let r be l(-2). Let a(c) = -c**3 + c**2 + 4*c - 1. Let s be a(3). Let o = s - r. Let x(d) = -2*d + 3. Calculate x(o).
-5
Let d(s) be the third derivative of 1/24*s**4 + 1/3*s**3 + 0 + 2*s**2 + 0*s. Let v(x) = x**3 + 7*x**2 + 5*x - 2. Let o be v(-6). Determine d(o).
6
Suppose 5*z - 15 + 5 = 0. Suppose -5*n + 29 = -z*w + w, -5*w - 5 = 3*n. Let f(g) = g**3 - 6*g**2 + 6*g. What is f(n)?
5
Let u(w) be the first derivative of w**2/2 + 6*w - 1. Let m = 17 - 12. Suppose 0 = -0*c + c + m. Calculate u(c).
1
Let r(t) = t + 1. Let x be r(1). Let s(c) = -c**2 - c**3 + 6 - 7*c**x + 3*c**2. Suppose -2*j = -4*j - 10. Determine s(j).
6
Let q(x) = x**3 - 5*x**2 + 4*x - 1. Let n(t) be the third derivative of -t**6/30 + t**5/60 + t**4/24 + 2*t**2. Let c be n(-1). Give q(c).
-1
Let i(q) be the first derivative of q**3/3 - q**2/2 - q - 41. Calculate i(2).
1
Let k(j) = -j**2 - 15. Let p(i) = 3*i**2 - i + 44. Let a(o) = -17*k(o) - 6*p(o). What is a(6)?
-9
Let i(y) = -4*y + 2. Let a = 6 - 7. Let v = a + 3. Determine i(v).
-6
Suppose -5*j = -r + 2*r - 26, -4*j - r = -21. Let x(b) = -b**3 - b**2 + 1. Let k(y) = -7*y**3 - 7*y + 5. Let n(u) = -k(u) + 6*x(u). Determine n(j).
11
Let f(l) = -13*l**2 - 33*l - 24. Let h(i) = 3*i**2 + 8*i + 6. Let x(j) = 2*f(j) + 9*h(j). Give x(-6).
6
Let c(t) = -9*t**3 + 3*t**2 + 6*t - 5. Let f(u) = 7*u**3 - 4*u**2 - 5*u + 6. Let g(n) = 3*c(n) + 4*f(n). Determine g(7).
-5
Let j(a) = a**2 - 4*a - 4. Suppose 4*f = f. Suppose -2*n - 2*n + 16 = f. What is j(n)?
-4
Suppose 4*o = -0*o. Let f(s) = -3*s**2 + 4*s**2 + o*s**2 - 3 - 3*s. Let p be 1*(1 - 2) - -6. What is f(p)?
7
Let j(c) be the first derivative of c**4/4 - 5*c**3/3 + 4*c - 8. Let n be (-3)/(-1)*(-20)/(-3). Suppose -4*r + 0*r = -n. What is j(r)?
4
Let p(u) be the second derivative of u**4/12 - 2*u**3/3 + u**2 + 4*u. Let h = 7 + -5. Suppose h*k = -0*k + 4. Calculate p(k).
-2
Let a(w) be the first derivative of 1 + 1/3*w**3 - 4*w + 3/2*w**2. Determine a(-5).
6
Let h = -59 - -59. Let y(c) = c + 6. Give y(h).
6
Let a(o) be the first derivative of 2*o**3/3 - 2*o - 5. Let j = 9 - 11. Determine a(j).
6
Let o(b) = -4*b - 2. Let u(s) = 4*s + 2. Let t(c) = 2*o(c) + 3*u(c). What is t(2)?
10
Let d(m) = -m**3 + 24 + 0*m**2 + 5*m**2 - 27 + 2*m + 0*m. Determine d(5).
7
Let a(m) = -1 - 10*m**2 - 2*m - 4 + 6*m**2. Let d(t) = 5*t**2 + 3*t + 5. Let b(y) = -6*a(y) - 5*d(y). What is b(-5)?
-5
Let j = -4 + 7. Let h(g) = -10*g**2 - 4 + 11*g**2 + j*g + 3*g. Calculate h(-5).
-9
Let d(u) = -3*u**2 + 6*u + 4. Let g(z) = -z**2 - 3 + 3 + z - 1. Let q(h) = -d(h) + 2*g(h). Determine q(5).
-1
Let l = -4 - -1. Let p(o) = -4*o**2 - 3*o + 1. Let b(z) = z**2 + z. Let q(x) = 9*b(x) + 2*p(x). Let h(r) be the first derivative of q(r). What is h(l)?
-3
Let i(t) be the first derivative of 2*t**2 - 2*t - 21. Determine i(2).
6
Let v(s) = 0*s + 0*s + s**3 + 2. Suppose -3*x = 2*k - 14, 0 = -x + 6*x + 4*k - 24. Let h be 0*(1 - (-2 + x)). What is v(h)?
2
Let z(f) = 8*f + 5 - 2*f - 5*f. Give z(4).
9
Let r(d) = 3*d. Let q = 29 + -20. Suppose h + m - 3 = q, -m = -h + 2. Suppose 1 - h = -3*a. Determine r(a).
6
Let m be 24/18 + (-2)/6. Let s(o) = -4*o**2. Give s(m).
-4
Let i be 3*((-4)/(-3) + -3). Let r(s) = s - 2. Let o(h) = -3*h + 5. Let n(k) = 2*o(k) + 5*r(k). Let j(t) = t**2 + 6*t. Let u(y) = j(y) + n(y). Calculate u(i).
0
Let c(k) = 3*k**3 - 7*k**2 + 4*k - 7. Let l(n) = -16*n**3 + 36*n**2 - 20*n + 36. Let q(d) = 11*c(d) + 2*l(d). Let u = 6 - 11. Let x = 9 + u. What is q(x)?
-5
Let a(q) = q - 5. Let f be a(3). Let d(r) = -8*r**2 - 3*r + 8*r**2 + r**3 - 3. What is d(f)?
-5
Let t(d) be the third derivative of d**5/60 + d**4/4 - d**3 + 57*d**2. Determine t(-7).
1
Let z(p) = p**2 + 3*p + 2. Let m be (-6)/(-4)*20/(-15). Determine z(m).
0
Let d(r) = -2*r + 7. Let j(t) = 2*t - 6. Let o(a) = 5*d(a) + 6*j(a). Determine o(-2).
-5
Let k(b) be the third derivative of b**4/24 - 2*b**3/3 + 5*b**2. Let c = 5 - 3. Calculate k(c).
-2
Let x(n) be the second derivative of -n**4/12 - 2*n**3/3 + 7*n**2/2 - 4*n. Determine x(-6).
-5
Let s = -44 + 76. Suppose 3*l = -l + s. Suppose 4*w + 8 + l = 0. Let b(r) = 2*r + 4. Give b(w).
-4
Let g(w) be the second derivative of w**7/2520 + w**5/60 + w**4/6 + 3*w. Let p(u) be the third derivative of g(u). Determine p(0).
2
Let d(l) = 2*l**2 - 35. Let a(k) = k**2 - 18. Let u(s) = -5*a(s) + 3*d(s). What is 